mposite?
False
Suppose -4*t + 20 = 0, -5*m + 85 = -3*m + 3*t. Suppose -c + 176 = -m. Is c composite?
False
Suppose 2 = x - 0. Suppose 0 = -4*h + 5*h. Let v = x - h. Is v a composite number?
False
Let g = -652 - -3089. Is g prime?
True
Let t = 438 + -189. Suppose 0 = 3*j - t - 513. Is j prime?
False
Let n be 6/2*76/(-3). Let x = -39 - n. Is x a prime number?
True
Let a = -780 - -1229. Is a prime?
True
Is 12/20 + 407/5 prime?
False
Suppose 4*j = -28 - 20. Let h(x) = x**3 + 11*x**2 - 17*x - 7. Is h(j) composite?
False
Let r = -6 - -7. Let u = r + 13. Is u a prime number?
False
Let p(q) = 57*q**3 - 3*q**2 + 3*q - 1. Is p(2) a composite number?
False
Let g be 2 - ((-4 - 0) + -226). Let d = g + -135. Is d a composite number?
False
Suppose 2*c - 6 = 5*z, -2*c - 3 = z - 9. Let j(b) = b + 141. Is j(z) a composite number?
True
Let k be ((-110)/15)/((-4)/6). Is 559/k + 6/33 a prime number?
False
Let r = -79 + 102. Let x = 2 - 11. Let p = r + x. Is p a prime number?
False
Let y = -451 + 918. Is y a prime number?
True
Let k(w) = 57*w - 3. Is k(2) composite?
True
Let i be (1 + 2)/3 + -1. Suppose -n - 5*c + 14 = -i*n, 0 = 4*n - c - 56. Is n a prime number?
False
Let m be (-3)/9 + 170/6. Let n be (m/5)/((-1)/(-5)). Suppose -n = -5*s + s. Is s composite?
False
Let k(s) = -15*s + 1. Let g be k(-1). Let b = 23 - g. Is b a prime number?
True
Let p(y) = 41*y**3 + y**2 + 6*y - 1. Is p(3) a prime number?
False
Let p(j) = -j**2 + 5*j + 771. Is p(0) a composite number?
True
Let b be (-2 + 1 - -1)/3. Suppose d - 5*s - 72 = b, -5*d + s - 2*s + 334 = 0. Is d composite?
False
Is -2*(20447/(-14) + 1 + -4) prime?
True
Let a = -2 + 1. Let g = -2 + -1. Is -35*(a + 0/g) a prime number?
False
Let c be (-22)/55 - (-8)/(-5). Is (c - -41)*(-1 - -2) composite?
True
Let c(s) = s**2 + s + 11. Suppose -4*b = 5*m - 32, -2*m = -3*b + 4*b - 11. Suppose b*z = -0*z. Is c(z) a composite number?
False
Suppose 0 = 5*i - i - 8. Let s be i + (-14)/(-2) + -2. Let b(n) = -n**3 + 8*n**2 + 5*n - 5. Is b(s) a prime number?
True
Let q be 54/15 + (-4)/(-10). Suppose 2*t + 94 = q*t. Is t prime?
True
Let k be 7/(3*3/9). Let w(u) = u**3 - 6*u**2 - u - 9. Is w(k) a prime number?
False
Let t(i) = -i**2 - 8*i - 2. Let j be t(-7). Suppose -3*q + j + 10 = 0. Suppose -3*f + f - q*p = -207, -p + 5 = 0. Is f prime?
False
Suppose 4*r - 120 = r + 3*v, 0 = -3*r + 4*v + 125. Is r composite?
True
Suppose -6*x + 2*x = 0. Suppose x = 7*k - 3*k - 2564. Is k composite?
False
Suppose -5*m - 4*v + 2595 = 0, -5*m + 1278 = 3*v - 1312. Suppose -q - m = -6*q. Is q + (-10)/(-2) + -2 a prime number?
False
Suppose -3 = -r - 3*y, r - 5*y - 3 = -0*y. Suppose 200 = -r*j - 4*v, 2*j + j - 4*v + 232 = 0. Let x = -33 - j. Is x composite?
True
Let p = 2971 + -1574. Is p prime?
False
Let c(s) = -39*s + 4. Let n be c(-8). Let p = n - 167. Is p a prime number?
True
Let g(q) = 13*q**3 - 8*q**2 + 8*q + 3. Is g(4) composite?
False
Suppose 3*p - 335 = 1450. Suppose -y + p = 4*y. Is y a composite number?
True
Suppose -2*o - w + 1950 = -3*w, 5*w + 1938 = 2*o. Is o a prime number?
False
Is 2*2*14/(-56)*-347 prime?
True
Let c(k) = 5*k**2 - 4*k + 1. Let p(s) = -s**2 + s. Let m(z) = c(z) + 4*p(z). Is m(-5) prime?
False
Let s(n) = -n - 1. Let z be s(2). Let w = z + 3. Suppose w*o - 5*o = -325. Is o a composite number?
True
Let q = 18 - 1. Suppose h + q = -32. Let g = h - -140. Is g a prime number?
False
Let d(z) = z**2 - 4*z - 2. Let c be d(5). Suppose -c*r = -3, 2*x = 5*x + 4*r - 151. Is x a composite number?
True
Let v(g) = -g + 4. Let c be v(-3). Suppose 0 = -z - 3*h + 24, 2*h + 7 = -2*z + c*h. Is 2/(6/z*1) a composite number?
False
Let n be (-1)/((-2)/524*2). Let f = -76 + n. Is f a prime number?
False
Let f(p) = 16*p**2 - 11*p + 2. Is f(3) a composite number?
False
Suppose 5*d + t - 9 = -3*t, 5*t = -4*d. Suppose -3*a - 78 = -d*a. Is a composite?
True
Let i(j) = 8*j**2 + 5*j + 2. Is i(-3) prime?
True
Let v = -4 - -12. Suppose 5*o = 3*l - 14, -4*l + l - o + v = 0. Suppose -6 = -l*f + 3*w, -4*f - 2*w - 3*w = -53. Is f a composite number?
False
Let g = -3 - -5. Is (-1)/(-1*g/230) a composite number?
True
Suppose 2*b - 7 = -1. Suppose 5*n + i - 14 + 3 = 0, -4*i = n - 6. Suppose b*z - 12 = 0, -7*u + n*u + 561 = -z. Is u composite?
False
Let m(k) = -701*k - 18. Is m(-5) a composite number?
True
Suppose 10*d - d = 10359. Is d a prime number?
True
Suppose -4*a + 4*z = -76, -a + 2*a = -z + 19. Is a a composite number?
False
Suppose 4*f - 2*f = -2*g + 1776, -g + f + 886 = 0. Is g composite?
False
Let n = 3 - -2. Suppose 3*r - n*x - 77 = 0, -2*x + 68 = 7*r - 3*r. Is r prime?
True
Suppose 0*d + 3*y + 84 = -4*d, -5*d - 3*y - 108 = 0. Let x be (8 + 0)*(5 - -65). Is (-3)/2*x/d prime?
False
Suppose 5*s + 16 = 41. Suppose -s*z + 0*z = -105. Is z prime?
False
Let q be -3 - (2 + 1 - 10). Suppose 0 = -3*f + q*k + 619, -f - f = -4*k - 414. Is f prime?
False
Let q(j) = -j**3 + 11*j**2 - 4*j - 5. Let v be 8 - 0/(0 + 2). Is q(v) a composite number?
True
Let h = 16 - 6. Let p be (h/(-4))/5*-10. Suppose -p*o + 308 = -o. Is o composite?
True
Let z be -1*((2 - -1) + -12). Let a = z + 9. Let s = a + -4. Is s composite?
True
Suppose o - 8 = 5*m + 13, 3*m - 13 = -o. Let f be o*-2*(-2)/(-8). Is f/36 + (-767)/(-9) a composite number?
True
Suppose -4*r + r + 333 = 0. Is r a composite number?
True
Let u = 2 - 2. Suppose 0 + 48 = 2*b. Suppose u = -2*o + b + 302. Is o composite?
False
Let b = 38 + 11. Suppose p = -0*p + b. Is p prime?
False
Let g(a) = 3*a - 6. Let o be g(3). Let t(k) = 28*k + 7. Is t(o) composite?
True
Let x = 3 - 4. Let g = x + 3. Suppose 2*v + g*v - 52 = 0. Is v a composite number?
False
Let n(o) = 31*o**2 + o + 9. Is n(-4) a composite number?
True
Let k be ((-6)/(-4))/((-2)/(-4)). Suppose 3*a + a = g - 4, -42 = -3*g - k*a. Let o = g + 1. Is o composite?
False
Is (0 + 1)*(2 + -1)*307 a composite number?
False
Suppose 0 = 5*f - 6*f - 5*c + 94, 3*f = -2*c + 295. Let h = 10 + -6. Suppose 0 = -g - n + h*n + 33, -5*n - f = -3*g. Is g composite?
True
Is 9/6 - ((-3383)/(-2))/(-1) composite?
False
Suppose 2*t + 4*x + 2 = 0, -3*t + 15 + 2 = -4*x. Let g(d) be the first derivative of d**4/2 - d**3 + 3*d**2/2 - 3*d - 1. Is g(t) prime?
False
Let c be (-1)/(-2) - 318/4. Is (-3)/3*c*1 composite?
False
Let a(v) be the third derivative of -v**6/120 - v**5/15 + v**4/3 - 5*v**3/6 + 3*v**2. Suppose -h - 4*h + c - 32 = 0, h + 5*c = 4. Is a(h) a composite number?
False
Let t be (-2)/4 + 1539/18. Suppose -m - 2*m - 4*l + 89 = 0, 5*l = -3*m + t. Is m composite?
True
Suppose i + 0*u + 5*u - 8219 = 0, 0 = -5*u + 10. Is i a prime number?
True
Let k(p) be the first derivative of p**5/30 - 3*p**4/8 - 2*p**3/3 - p**2 - 2. Let w(l) be the second derivative of k(l). Is w(9) a prime number?
False
Let p(i) = -i - 1. Let o be p(2). Let l = o - -2. Let b(x) = -79*x. Is b(l) a composite number?
False
Suppose 2*h + 0*h - 4923 = -5*b, 3*h + 2*b - 7379 = 0. Is h a prime number?
True
Let y(j) = j**3 + 4*j**2 - 6*j - 3. Let q be y(-5). Is 65/((4 + -2)/q) a composite number?
True
Let q be (-4)/2 + 2 + 3. Let i(g) = g**2 + 5*g - 4. Let f be i(-6). Suppose f*p = p + q. Is p a composite number?
False
Suppose 7*d = 2*d - 50. Let l(i) be the second derivative of -i**3/2 - 9*i**2/2 + 16*i. Is l(d) a composite number?
True
Let x(f) = 29*f - 3. Let k(j) be the first derivative of 15*j**2 - 4*j + 1. Let b(w) = -2*k(w) + 3*x(w). Is b(2) a composite number?
False
Suppose -w - 3*i = w - 2, -5*w = 5*i. Let r(x) be the second derivative of 8*x**4/3 - x**3/3 - x**2/2 - x. Is r(w) prime?
True
Let r = 111 - -66. Suppose -4*g + g + r = 0. Is g composite?
False
Suppose 3*o - n + 120 = 0, 3*o - 2*n + 120 = -0*n. Let m be o - (3 + (-4)/2). Let c = -4 - m. Is c composite?
False
Suppose 5*d - 978 = 257. Is d a composite number?
True
Suppose 0*p = p + 13. Let u = p - -62. Is u a composite number?
True
Let l(i) = 9*i**3 + 3*i**2 - 3*i + 1. Let d(c) = -c**3 - c**2. Let j(z) = 5*d(z) + l(z). Let m(o) be the first derivative of j(o). Is m(-2) prime?
True
Is ((-3)/(-2))/(3 + (-27153)/9058) composite?
False
Let b be 8/6*-1*12. Is 4/(b/(-28))*29 a composite number?
True
Let c be (-3)/(-6) - 1/(-2). Let w = 132 - c. Is w composite?
False
Is (391/(-34))/(2/(-4)) a composite number?
False
Let d(r) = -4*r**3 + r. Suppose 0 = -2*a + 5*a 